{"id":221,"date":"2023-06-22T16:14:41","date_gmt":"2023-06-22T14:14:41","guid":{"rendered":"http:\/\/www.stjernarpsved.se\/?page_id=221"},"modified":"2023-06-22T16:14:41","modified_gmt":"2023-06-22T14:14:41","slug":"om-oss","status":"publish","type":"page","link":"https:\/\/stjernarpsved.se\/?page_id=221","title":{"rendered":"OM OSS"},"content":{"rendered":"\n<div class=\"wp-block-columns is-layout-flex wp-container-core-columns-is-layout-1 wp-block-columns-is-layout-flex\">\n<div class=\"wp-block-column is-layout-flow wp-block-column-is-layout-flow\">\n<p>Stjernarps Ved AB \u00e4gs och drivs av Jan och AnnaKarin Hamilton. All ved som produceras kommer fr\u00e5n egen och n\u00e4rbel\u00e4gen skog sydost om Halmstad.<\/p>\n\n\n\n<p>Stjernarps Ved har sin produktionsanl\u00e4ggning p\u00e5 Stjernarps Gods som ligger 10 km sydost om Halmstad, i Halland, med ca 7 km till E6:an och 15 km till Halmstad hamn. H\u00e4r klyver, lagrar och torkar vi all v\u00e5r ved.<\/p>\n<\/div>\n\n\n\n<div class=\"wp-block-column is-layout-flow wp-block-column-is-layout-flow\">\n<figure class=\"wp-block-image size-large\"><img loading=\"lazy\" decoding=\"async\" width=\"1024\" height=\"680\" src=\"http:\/\/www.stjernarpsved.se\/wp-content\/uploads\/2023\/06\/349e5667-98dc-4169-a75b-a41d63fa589c-1024x680.jpg\" alt=\"\" class=\"wp-image-16\" srcset=\"https:\/\/stjernarpsved.se\/wp-content\/uploads\/2023\/06\/349e5667-98dc-4169-a75b-a41d63fa589c-1024x680.jpg 1024w, https:\/\/stjernarpsved.se\/wp-content\/uploads\/2023\/06\/349e5667-98dc-4169-a75b-a41d63fa589c-300x199.jpg 300w, https:\/\/stjernarpsved.se\/wp-content\/uploads\/2023\/06\/349e5667-98dc-4169-a75b-a41d63fa589c-768x510.jpg 768w, https:\/\/stjernarpsved.se\/wp-content\/uploads\/2023\/06\/349e5667-98dc-4169-a75b-a41d63fa589c.jpg 1280w\" sizes=\"(max-width: 767px) 89vw, (max-width: 1000px) 54vw, (max-width: 1071px) 543px, 580px\" \/><\/figure>\n<\/div>\n<\/div>\n\n\n\n<figure class=\"wp-block-image size-large\"><img loading=\"lazy\" decoding=\"async\" width=\"1024\" height=\"606\" src=\"http:\/\/www.stjernarpsved.se\/wp-content\/uploads\/2023\/06\/0c339a9e-d7d8-49a7-a4ad-b558aab78037-1024x606.jpg\" alt=\"Hjullastare l\u00e4gger p\u00e5 virke\" class=\"wp-image-13\" srcset=\"https:\/\/stjernarpsved.se\/wp-content\/uploads\/2023\/06\/0c339a9e-d7d8-49a7-a4ad-b558aab78037-1024x606.jpg 1024w, https:\/\/stjernarpsved.se\/wp-content\/uploads\/2023\/06\/0c339a9e-d7d8-49a7-a4ad-b558aab78037-300x177.jpg 300w, https:\/\/stjernarpsved.se\/wp-content\/uploads\/2023\/06\/0c339a9e-d7d8-49a7-a4ad-b558aab78037-768x454.jpg 768w, https:\/\/stjernarpsved.se\/wp-content\/uploads\/2023\/06\/0c339a9e-d7d8-49a7-a4ad-b558aab78037.jpg 1280w\" sizes=\"(max-width: 767px) 89vw, (max-width: 1000px) 54vw, (max-width: 1071px) 543px, 580px\" \/><\/figure>\n\n\n\n<p>Hjullastare l\u00e4gger p\u00e5 virke<\/p>\n","protected":false},"excerpt":{"rendered":"<p>Stjernarps Ved AB \u00e4gs och drivs av Jan och AnnaKarin Hamilton. All ved som produceras kommer fr\u00e5n egen och n\u00e4rbel\u00e4gen skog sydost om Halmstad. Stjernarps Ved har sin produktionsanl\u00e4ggning p\u00e5 Stjernarps Gods som ligger 10 km sydost om Halmstad, i Halland, med ca 7 km till E6:an och 15 km till Halmstad hamn. H\u00e4r klyver, &hellip; <\/p>\n<p class=\"link-more\"><a href=\"https:\/\/stjernarpsved.se\/?page_id=221\" class=\"more-link\">Forts\u00e4tt l\u00e4sa<span class=\"screen-reader-text\"> \u201dOM OSS\u201d<\/span><\/a><\/p>\n","protected":false},"author":1,"featured_media":0,"parent":0,"menu_order":0,"comment_status":"closed","ping_status":"closed","template":"","meta":{"footnotes":""},"_links":{"self":[{"href":"https:\/\/stjernarpsved.se\/index.php?rest_route=\/wp\/v2\/pages\/221"}],"collection":[{"href":"https:\/\/stjernarpsved.se\/index.php?rest_route=\/wp\/v2\/pages"}],"about":[{"href":"https:\/\/stjernarpsved.se\/index.php?rest_route=\/wp\/v2\/types\/page"}],"author":[{"embeddable":true,"href":"https:\/\/stjernarpsved.se\/index.php?rest_route=\/wp\/v2\/users\/1"}],"replies":[{"embeddable":true,"href":"https:\/\/stjernarpsved.se\/index.php?rest_route=%2Fwp%2Fv2%2Fcomments&post=221"}],"version-history":[{"count":1,"href":"https:\/\/stjernarpsved.se\/index.php?rest_route=\/wp\/v2\/pages\/221\/revisions"}],"predecessor-version":[{"id":222,"href":"https:\/\/stjernarpsved.se\/index.php?rest_route=\/wp\/v2\/pages\/221\/revisions\/222"}],"wp:attachment":[{"href":"https:\/\/stjernarpsved.se\/index.php?rest_route=%2Fwp%2Fv2%2Fmedia&parent=221"}],"curies":[{"name":"wp","href":"https:\/\/api.w.org\/{rel}","templated":true}]}}