{"id":225,"date":"2023-06-22T16:20:41","date_gmt":"2023-06-22T14:20:41","guid":{"rendered":"http:\/\/www.stjernarpsved.se\/?page_id=225"},"modified":"2023-06-22T16:20:41","modified_gmt":"2023-06-22T14:20:41","slug":"stjernarp-jord-skog-2","status":"publish","type":"page","link":"https:\/\/stjernarpsved.se\/?page_id=225","title":{"rendered":"STJERNARP JORD &amp; SKOG"},"content":{"rendered":"\n<div class=\"wp-block-columns is-layout-flex wp-container-core-columns-is-layout-1 wp-block-columns-is-layout-flex\">\n<div class=\"wp-block-column is-layout-flow wp-block-column-is-layout-flow\">\n<h3 class=\"wp-block-heading\"><strong>STJERNARP JORD &amp; SKOG<\/strong><\/h3>\n\n\n\n<figure class=\"wp-block-image size-large\"><img loading=\"lazy\" decoding=\"async\" width=\"1024\" height=\"574\" src=\"http:\/\/www.stjernarpsved.se\/wp-content\/uploads\/2023\/06\/642f38f4-3273-4e7d-8205-2a5bbc15a335-1024x574.jpg\" alt=\"\" class=\"wp-image-17\" srcset=\"https:\/\/stjernarpsved.se\/wp-content\/uploads\/2023\/06\/642f38f4-3273-4e7d-8205-2a5bbc15a335-1024x574.jpg 1024w, https:\/\/stjernarpsved.se\/wp-content\/uploads\/2023\/06\/642f38f4-3273-4e7d-8205-2a5bbc15a335-300x168.jpg 300w, https:\/\/stjernarpsved.se\/wp-content\/uploads\/2023\/06\/642f38f4-3273-4e7d-8205-2a5bbc15a335-768x431.jpg 768w, https:\/\/stjernarpsved.se\/wp-content\/uploads\/2023\/06\/642f38f4-3273-4e7d-8205-2a5bbc15a335-1536x861.jpg 1536w, https:\/\/stjernarpsved.se\/wp-content\/uploads\/2023\/06\/642f38f4-3273-4e7d-8205-2a5bbc15a335.jpg 1600w\" sizes=\"(max-width: 767px) 89vw, (max-width: 1000px) 54vw, (max-width: 1071px) 543px, 580px\" \/><\/figure>\n\n\n\n<p>Flygfoto Stjernarps Gods huvudbyggnad<\/p>\n<\/div>\n\n\n\n<div class=\"wp-block-column is-layout-flow wp-block-column-is-layout-flow\">\n<h3 class=\"wp-block-heading\"><strong>STJERNARP IDAG<\/strong><\/h3>\n\n\n\n<p>Arealen \u00e4r c:a 1.000 ha varav 300 ha \u00e4r \u00e5ker, 700 ha skog och 20 ha beten och hagmark f\u00f6rdelat p\u00e5 Stjernarp samt en skogsfastighet i n\u00e4rheten av \u00c5led.<\/p>\n<\/div>\n<\/div>\n","protected":false},"excerpt":{"rendered":"<p>STJERNARP JORD &amp; SKOG Flygfoto Stjernarps Gods huvudbyggnad STJERNARP IDAG Arealen \u00e4r c:a 1.000 ha varav 300 ha \u00e4r \u00e5ker, 700 ha skog och 20 ha beten och hagmark f\u00f6rdelat p\u00e5 Stjernarp samt en skogsfastighet i n\u00e4rheten av \u00c5led.<\/p>\n","protected":false},"author":1,"featured_media":0,"parent":0,"menu_order":0,"comment_status":"closed","ping_status":"closed","template":"","meta":{"footnotes":""},"_links":{"self":[{"href":"https:\/\/stjernarpsved.se\/index.php?rest_route=\/wp\/v2\/pages\/225"}],"collection":[{"href":"https:\/\/stjernarpsved.se\/index.php?rest_route=\/wp\/v2\/pages"}],"about":[{"href":"https:\/\/stjernarpsved.se\/index.php?rest_route=\/wp\/v2\/types\/page"}],"author":[{"embeddable":true,"href":"https:\/\/stjernarpsved.se\/index.php?rest_route=\/wp\/v2\/users\/1"}],"replies":[{"embeddable":true,"href":"https:\/\/stjernarpsved.se\/index.php?rest_route=%2Fwp%2Fv2%2Fcomments&post=225"}],"version-history":[{"count":1,"href":"https:\/\/stjernarpsved.se\/index.php?rest_route=\/wp\/v2\/pages\/225\/revisions"}],"predecessor-version":[{"id":226,"href":"https:\/\/stjernarpsved.se\/index.php?rest_route=\/wp\/v2\/pages\/225\/revisions\/226"}],"wp:attachment":[{"href":"https:\/\/stjernarpsved.se\/index.php?rest_route=%2Fwp%2Fv2%2Fmedia&parent=225"}],"curies":[{"name":"wp","href":"https:\/\/api.w.org\/{rel}","templated":true}]}}