{"id":227,"date":"2023-06-22T16:22:35","date_gmt":"2023-06-22T14:22:35","guid":{"rendered":"http:\/\/www.stjernarpsved.se\/?page_id=227"},"modified":"2023-06-22T16:22:35","modified_gmt":"2023-06-22T14:22:35","slug":"historik","status":"publish","type":"page","link":"https:\/\/stjernarpsved.se\/?page_id=227","title":{"rendered":"HISTORIK"},"content":{"rendered":"\n<div class=\"wp-block-columns is-layout-flex wp-container-core-columns-is-layout-1 wp-block-columns-is-layout-flex\">\n<div class=\"wp-block-column is-layout-flow wp-block-column-is-layout-flow\">\n<figure class=\"wp-block-image size-large\"><img loading=\"lazy\" decoding=\"async\" width=\"1024\" height=\"670\" src=\"http:\/\/www.stjernarpsved.se\/wp-content\/uploads\/2023\/06\/a87f3dc7-740d-43b9-bfef-a274430ae22e-1024x670.jpg\" alt=\"\" class=\"wp-image-19\" srcset=\"https:\/\/stjernarpsved.se\/wp-content\/uploads\/2023\/06\/a87f3dc7-740d-43b9-bfef-a274430ae22e-1024x670.jpg 1024w, https:\/\/stjernarpsved.se\/wp-content\/uploads\/2023\/06\/a87f3dc7-740d-43b9-bfef-a274430ae22e-300x196.jpg 300w, https:\/\/stjernarpsved.se\/wp-content\/uploads\/2023\/06\/a87f3dc7-740d-43b9-bfef-a274430ae22e-768x503.jpg 768w, https:\/\/stjernarpsved.se\/wp-content\/uploads\/2023\/06\/a87f3dc7-740d-43b9-bfef-a274430ae22e.jpg 1280w\" sizes=\"(max-width: 767px) 89vw, (max-width: 1000px) 54vw, (max-width: 1071px) 543px, 580px\" \/><\/figure>\n<\/div>\n\n\n\n<div class=\"wp-block-column is-layout-flow wp-block-column-is-layout-flow\">\n<h3 class=\"wp-block-heading\"><strong>STJERNARPS GODS CORPS DE LOGI<\/strong><\/h3>\n\n\n\n<p><em>Den v\u00e4stra nu bebodda flygeln byggdes 1845 av kommerser\u00e5det Anders J\u00f6ran Hammar. En st\u00f6rre ombyggnad \u00e4gde rum 1949 d\u00e5 den nuvarande k\u00f6ksavdelningen byggdes till. Tidigare fanns k\u00f6k och bost\u00e4der f\u00f6r tj\u00e4nstefolket i den av Holger Rosencrantz \u00e5r 1638 uppf\u00f6rda och nu obebodda flygeln.<\/em><\/p>\n<\/div>\n<\/div>\n\n\n\n<hr class=\"wp-block-separator has-alpha-channel-opacity is-style-wide\"\/>\n\n\n\n<h4 class=\"wp-block-heading\">HISTORIK<\/h4>\n\n\n\n<p>Holger Axel Rosenkrantz, Glimminge i Sk\u00e5ne, en av Danmarks st\u00f6rsta gods\u00e4gare f\u00f6rv\u00e4rvade i b\u00f6rjan av 1600-talet g\u00e5rdarna D\u00f6mestorp, Skottorp, Claustrup (Claestorp), Perstorp och Torup (Stjernarp).<\/p>\n\n\n\n<p>Hans dotter Mette Rosenkrantz \u00e4rvde 1647 Claestorp, Perstorp och Torup.<\/p>\n\n\n\n<p>1651 s\u00e5lde hon g\u00e5rdarna f\u00f6r 17.500 riksdaler till Johan M\u00e5nsson Silverstierna, sekreterare av staten och h\u00e4radsh\u00f6vding i Tr\u00f6gd i Uppland, adlad 1638. K\u00f6pebrevet finns bevarat i Stjernarps arkiv. Han tog avsked fr\u00e5n statstj\u00e4nsten 1655 och flyttade ner. Under tiden sk\u00f6tte hans fogde driften, enligt bevarade rapporter utgjordes i huvudsak inkomsterna av boskapssk\u00f6tsel, s\u00e4rskilt uppf\u00f6dning och f\u00f6rs\u00e4ljning av oxar.<\/p>\n\n\n\n<p>Silverstierna hade f\u00f6r avsikt att l\u00e5ta Torup bli huvudg\u00e5rd d\u00e5 det av Holger Rosencrantz 1638 uppf\u00f6rda corps de logis l\u00e5g h\u00e4r. Han sammanslog de tre g\u00e5rdarna till ett s\u00e4teri som han gav namnet Stjernerup. 1653 brann Claestorp ner f\u00f6rorsakad av blixtnedslag.<\/p>\n\n\n\n<p>Silverstierna l\u00e4t ocks\u00e5 uppf\u00f6ra ett en flygelbyggnad d\u00e4r nuvarande corps de logis ligger, denna flygelbyggnad inneh\u00f6ll bl.a k\u00f6ks och spiskammare. Ytterligare tv\u00e5 flyglar uppf\u00f6rdes av korsvirke i s\u00f6der, den ena med 10 rum f\u00f6r domestiker och betj\u00e4nter den andra med brygghus och bagarstuga. Dessa \u00e4r numera rivna. Husen f\u00f6renades och borgg\u00e5rden omgavs av h\u00f6ga tegelstensmurar med fyra portar.<\/p>\n\n\n\n<p>Silverstierna \u00f6verlevde sin ende son och med honom dog \u00e4tten ut. Han hade dessutom fyra d\u00f6ttrar varav av en, Helena, blev \u00e4gare till Stjernarp. Hon var gift med Peter Nilsson adlad Dur\u00e9el \u00e4gare till Rossared. Dur\u00e9el led sv\u00e5ra ekonomiska f\u00f6rluster och pants\u00e4tter h\u00e4lften av Stjernarp till sv\u00e5gern M\u00e5rten Grelsson Lindhielm gift med Anna Maria Silverstierna. 1686 s\u00e4ljs resten till honom som \u00e4ven innefattar s\u00e4teriet Alsl\u00f6f.<\/p>\n\n\n\n<p>Lindhielm dog barnl\u00f6s 1720 och med honom dog \u00e4tten ut. Hans f\u00f6rsta hustru var d\u00e5 avliden, hans andra Margareta von Beijer innehade fram till sin d\u00f6d 1732 Stjernarp.<\/p>\n\n\n\n<p>I ett tidigare gifte med Zacharias Rehnhorn hade hon en dotter Hedvig Charlotta Rehnhorn som \u00e4rvde Stjernarp. Hon var gift med Georg Wilhelm Fleetwood. De hade en dotter Hedvig Beata. I samband med att hon gifte sig 1738 med kammarherren och landsh\u00f6vdingen Johan Daniel Cedercrantz \u00f6verl\u00e4mnades Stjernarp i deras h\u00e4nder. De fick en son Johan Wilhelm Cedercrantz som 1765 \u00e4rvde Stjernarp denne blev \u00e4ven landsh\u00f6vding i Halland och dog barnl\u00f6s 1805. Under de n\u00e4stan 70 \u00e5r som Cedercrantz innehade Stjernarp kan man enligt beskrivningar nedtecknade 1796 av Johan Wilhelm konstatera att spannm\u00e5lsodlingen avkastade n\u00e4stan dubbelt s\u00e5 mycket som som under Silverstiernas tid och att boskapssk\u00f6tseln fortfarande dominerade. Landsh\u00f6vdingen levde ett st\u00e5ndsm\u00e4ssigt liv, h\u00f6ll sig bl.a med ridhus, g\u00e4ststall f\u00f6r 14 h\u00e4star, g\u00e5rden hade eget tegelbruk smedja, br\u00e4nneri, bost\u00e4der f\u00f6r tj\u00e4nare och dr\u00e4ngar. Man utvidgade tr\u00e4dg\u00e5rden med en engelsk inspirerad park, det fanns \u00e4ven ett orangeri.<\/p>\n\n\n\n<p>Vid flyttning av den siste Cedercrantz grav i T\u00f6nnersj\u00f6 kyrka hittades hans balsamerade lik h\u00e5rt ombundet av ett silkessn\u00f6re f\u00f6r enligt s\u00e4gnen hade den d\u00f6de f\u00f6retagit nattliga utflykter till Stjernarp f\u00f6r att promenera mellan g\u00e5rden och karpdammarna.<\/p>\n\n\n\n<p>1806 s\u00e5lde arvingarna Stjernarp till Jacob Kjell Bennet som redan 1808 s\u00e5lde s\u00e4teriet vidare till kommersr\u00e5det Peter M\u00f6ller. Han lade ner stor m\u00f6da och omsorg p\u00e5 f\u00f6rb\u00e4ttringar av lantbruket och gjorde betydande nyodlingar.<\/p>\n\n\n\n<p>1813 s\u00e5ldes Stjernarp till Anders J\u00f6ran Hammar som bl.a uppf\u00f6rde det befintliga corps de logiet samt fortsatte f\u00f6rb\u00e4ttringarna av jordbruket.<\/p>\n\n\n\n<p>1852 \u00f6verl\u00e5ter han Alsl\u00f6f till sin son Carl Hammar. Stjernarp s\u00e5ldes samtidigt till Rudolf Torn\u00e9rhielm, Vrams-Gunnarstorp och Ludvig Lillieh\u00f6\u00f6k, Hjuleberg som dock ganska omg\u00e5ende blir utl\u00f6st.<\/p>\n\n\n\n<p>Efter att ha avyttrat delar av godset s\u00e4ljer Torn\u00e9rhielm 1851 Stjernarp vidare till sin sv\u00e5ger David Erik Stierncrona som var gift med Charlotte (Lotten) Stierneld. Denne f\u00e5r tillst\u00e5nd att \u00f6verf\u00f6ra fideikomissr\u00e4tten fr\u00e5n sitt sina sl\u00e4ktgods \u00c5keshov, Norrn\u00e4s, och Kalvand\u00f6 i Stockholm.<\/p>\n\n\n\n<p>\u00c5r 1900 \u00f6vertar deras ende son David Algernon godset, han d\u00f6r ogift 1927 d\u00e5 ocks\u00e5 Stjernarp upph\u00f6r att vara fideikomiss och \u00f6verg\u00e5r att vara vanligt arvegods till Davids fem systrar. Av dessa har endast den \u00e4ldsta, Eva, ing\u00e5tt gifterm\u00e5l och var sedan 1901 \u00e4nka efter Magnus Brummer, Fr\u00f6llinge.<br><br>H\u00f6sten 1927 s\u00e5lde de fem systrarna Stjernarp till Eva Brummers \u00e4ldsta dotterson friherre Carl-Magnus Hermelin som i egenskap som arrendator brukat godset sedan 1924.<\/p>\n\n\n\n<p>1957 skrev han \u00f6ver 90% av godset p\u00e5 sina tre d\u00f6ttrar Eva, Louise och Gunilla men fortsatte sj\u00e4lv att driva verksamheten.<\/p>\n\n\n\n<p>1971 dog Carl-Magnus Hermelin och Eva gift Hamiltons son Jan \u00e4rvde sin morfars 10 %.<\/p>\n\n\n\n<p>1977 l\u00f6stes Gunilla, gift Str\u00f6mfelt ut.<\/p>\n\n\n\n<p>1986 l\u00f6stes Louise Hermelin ut och Stjernarp \u00e4gdes av Eva till 75 % och Jan till 25 %.<br>Sedan 2014 \u00e4r Jan Hamilton \u00e4gare till Stjernarp.<\/p>\n","protected":false},"excerpt":{"rendered":"<p>STJERNARPS GODS CORPS DE LOGI Den v\u00e4stra nu bebodda flygeln byggdes 1845 av kommerser\u00e5det Anders J\u00f6ran Hammar. En st\u00f6rre ombyggnad \u00e4gde rum 1949 d\u00e5 den nuvarande k\u00f6ksavdelningen byggdes till. Tidigare fanns k\u00f6k och bost\u00e4der f\u00f6r tj\u00e4nstefolket i den av Holger Rosencrantz \u00e5r 1638 uppf\u00f6rda och nu obebodda flygeln. HISTORIK Holger Axel Rosenkrantz, Glimminge i Sk\u00e5ne, &hellip; <\/p>\n<p class=\"link-more\"><a href=\"https:\/\/stjernarpsved.se\/?page_id=227\" class=\"more-link\">Forts\u00e4tt l\u00e4sa<span class=\"screen-reader-text\"> \u201dHISTORIK\u201d<\/span><\/a><\/p>\n","protected":false},"author":1,"featured_media":0,"parent":0,"menu_order":0,"comment_status":"closed","ping_status":"closed","template":"","meta":{"footnotes":""},"_links":{"self":[{"href":"https:\/\/stjernarpsved.se\/index.php?rest_route=\/wp\/v2\/pages\/227"}],"collection":[{"href":"https:\/\/stjernarpsved.se\/index.php?rest_route=\/wp\/v2\/pages"}],"about":[{"href":"https:\/\/stjernarpsved.se\/index.php?rest_route=\/wp\/v2\/types\/page"}],"author":[{"embeddable":true,"href":"https:\/\/stjernarpsved.se\/index.php?rest_route=\/wp\/v2\/users\/1"}],"replies":[{"embeddable":true,"href":"https:\/\/stjernarpsved.se\/index.php?rest_route=%2Fwp%2Fv2%2Fcomments&post=227"}],"version-history":[{"count":1,"href":"https:\/\/stjernarpsved.se\/index.php?rest_route=\/wp\/v2\/pages\/227\/revisions"}],"predecessor-version":[{"id":228,"href":"https:\/\/stjernarpsved.se\/index.php?rest_route=\/wp\/v2\/pages\/227\/revisions\/228"}],"wp:attachment":[{"href":"https:\/\/stjernarpsved.se\/index.php?rest_route=%2Fwp%2Fv2%2Fmedia&parent=227"}],"curies":[{"name":"wp","href":"https:\/\/api.w.org\/{rel}","templated":true}]}}